- -72. Let z(n) = 2 - 3 + 9*n**2 + 8*n**2. What is z(g)?
16
Let o(d) be the second derivative of -3*d**5/20 + d**4/12 - d**2 + 2*d. Let j be o(-1). Let r(n) = n**3 - n**2 - n + 2. Give r(j).
4
Let i(x) = -x + 2. Let g = -92 + 121. Suppose 26*h = g*h. Calculate i(h).
2
Let q = -162 + 162. Let i(f) = -f + 1. Calculate i(q).
1
Let i(d) = -d**3 - 7*d**2 - 3*d + 7. Suppose -14*n + 9*n = 120. Let p = n - -20. Let g be (-2 - (1 + p))*-6. What is i(g)?
-11
Suppose -82*a + 9 = -83*a. Let c(m) = -m**2 - 9*m - 9. Determine c(a).
-9
Let j(h) = h**3 - 3*h. Let y be j(2). Suppose 3*r + 0*r = -5*w + 21, -r + 5*w - 13 = 0. Let s(o) = 3*o + 1 - o + 0 + 2*o**r. Determine s(y).
13
Suppose 4*f - 2 = 3*f. Let j(z) = -f - 7*z + 10 - z**2 + 0 - 2. Determine j(-8).
-2
Let f(x) = -x**3 - 10*x**2 - 9*x - 13. Suppose 176 = 6*u + 230. Give f(u).
-13
Let f(c) be the first derivative of -3*c**2 - 17 - 5/3*c**3 - 7*c + 1/4*c**4. Calculate f(6).
-7
Let d be 2/3*(-105)/(-10). Let r(k) = 4*k - 12. Let v be r(d). Let u = -15 + v. Let t(l) = l**3 - 2*l**2 + l. Calculate t(u).
0
Let n(r) = -r**2 + r + 2. Suppose 3*s - 9 = 2*b, -2*s = 4*b - 8 + 2. Give n(b).
2
Let c(a) be the second derivative of -a**4/6 + a**3/3 + 3*a**2 + a - 6. Determine c(5).
-34
Let w(q) = q**2 - 6*q + 8. Let i be w(6). Let x(k) = i + k**2 - 3*k - 7*k + 2*k. Let c be -12*2/(-3) - 2. Calculate x(c).
-4
Let d(x) = -12*x - 1. Let s be -45*4/(-204) - (-4)/34. Calculate d(s).
-13
Let u(o) = -o - 2. Let p be u(-9). Let y(c) = 3*c + 1 + p*c + 12*c - 21*c. Give y(-4).
-3
Let b(u) = u**3 - 9*u**2 - u + 11. Let x be b(9). Let p(k) = 3*k**x + 9 + 4*k + 2*k - 2*k**2. Suppose -26 = 3*l - 4*n, n + 10 = -3*l - 3*n. Calculate p(l).
9
Let p(c) = -90 - 3*c**2 + 3*c + 92 - 31*c**2. Determine p(-1).
-35
Let t(q) = 94*q - 33*q - 25*q - 31*q - 2 + 38. Determine t(-8).
-4
Let w(n) = -n + 8. Let y = 32 - 42. Let v(r) = -r**2 - 12*r - 13. Let h be v(y). Determine w(h).
1
Let b(k) = 2*k + 2. Let v be b(-3). Let n(z) = -z**3 - 18 + 39 - 16 + 7*z - 3*z**2. What is n(v)?
-7
Let k(m) = -4*m**2 - 4*m. Let d be k(-3). Let j = -9 - d. Let y = 16 - j. Let u(w) = 16*w**2 + w. Calculate u(y).
17
Let c = -114 + 118. Let a(x) = x**3 - 5*x**2 + 2*x + 4. What is a(c)?
-4
Let s(j) be the first derivative of -j**6/360 + j**5/120 - 5*j**4/24 - 3*j**3 - j**2 - 41. Let r(f) be the third derivative of s(f). What is r(4)?
-17
Let m(o) = -2*o + 3. Suppose y + 5*x - 28 = 0, 0 = 2*y + 2*x - 9 - 7. Determine m(y).
-3
Let v be ((24/(-15))/2*-5)/(-1). Let i(o) = 6*o + 6. Give i(v).
-18
Let i(a) be the third derivative of -a**4/12 + a**3/3 - 4*a**2. Suppose -l = 2*c + 6, -2*c = -3*l + 4 + 2. Calculate i(c).
8
Let i(q) be the third derivative of q**4/4 + q**3/3 + q**2. Suppose 2*b = -2*n, 4*b + 20 = -3*n + 4*n. Suppose 2*y = a - 2 - n, -2*y - 8 = 0. Calculate i(a).
-10
Let c(x) = x - 8. Let q = 19 + -12. Determine c(q).
-1
Let c = -2 - -8. Let b = c + -11. Let v(d) = 7*d**2 + 6*d + 5. Let m(j) = -6*j**2 - 5*j - 4. Let r(y) = b*v(y) - 6*m(y). Calculate r(0).
-1
Let u(i) = -3*i - 6401*i**2 - 1 - 3 + 6400*i**2. Calculate u(-4).
-8
Let j be (-24)/(-228) - ((-156)/(-38) + -3). Let y(p) = -27*p**2 + 2*p + 1. Calculate y(j).
-28
Let v(w) = -119*w**2 + 8*w + 235*w**2 - 10 + w**3 - 122*w**2. What is v(4)?
-10
Let s(u) = 2 + u + 0 - u - 2*u. Let t(j) = 4*j**2 - 3*j + 2. Let l be t(2). Let b = -10 + l. What is s(b)?
-2
Suppose 4 = 2*w - 26. Let k be w/25 + 48/20. Let g(l) = l**2 + 5*l + 1. Let t(m) = 2*m**2 + 5*m. Let a(r) = k*g(r) - 2*t(r). Calculate a(6).
-3
Suppose -2*x = -8, g = -3*g + 3*x - 36. Let q(y) = -2*y + 7*y**2 + 0*y**3 - 7*y + 13*y + y**3 - 6. What is q(g)?
6
Suppose -12 = -2*j - 0. Suppose -2*a - 2*a = -12. Let c = a - j. Let h(s) = -s**3 - 2*s**2 + 5*s + 4. Give h(c).
-2
Let s(u) = 11*u. Let n(l) = 13*l - 1. Let h(d) = -5*n(d) + 6*s(d). What is h(-7)?
-2
Let a(r) = 18 - 8*r + 8 + 9 - 37. Calculate a(5).
-42
Suppose 18 = -4*c - 2*o, 0 = -3*c + 4*o - 25 - 16. Let q(n) = -3 + 0*n - n - 3. Determine q(c).
1
Let z(p) = -p - 2. Suppose -3*u - 2*u = 20. What is z(u)?
2
Let f(k) be the first derivative of k**3/3 + 2*k**2 - 7*k - 32. Let h(a) = a + 1. Let g(j) = j**3 - 7*j**2 - j + 1. Let n be g(7). Let x be h(n). What is f(x)?
-2
Let o(i) = -7*i - 14 + 4*i**2 - i**2 - 2*i**2 + 17*i + 0*i**2. Give o(-12).
10
Suppose 3*f + w - 4*w = 3, 0 = 4*f - 5*w - 8. Let t(r) = -r**2 - 3*r - 5. Determine t(f).
-5
Let w be 1/(-3)*15 - 5. Let o(r) = r**2 + 10*r + 10. Determine o(w).
10
Let g be 4/5*(-6)/(-48)*20. Let c(b) = 70*b**2 - 71*b**g + 1 + 1 + b + 5. Give c(0).
7
Let b(a) = 5 + 4 - 14217*a + 14218*a. Let u(j) = -2*j + 4. Let n be u(5). Determine b(n).
3
Let l = -9 - -24. Let s = l - 13. Let m be (s/(2 + 0))/(-1). Let v(x) = 2*x**3 + 2*x**2 - 1. Give v(m).
-1
Let b(h) = -4*h - 1. Let x(q) = 8*q + 3. Suppose -5*t + 2 = -8. Let w(i) = t*x(i) + 5*b(i). Let r = -75 - -74. What is w(r)?
5
Suppose 0 = -2*k - 3*k + 25. Let n = -5 + k. Let s(y) = 9 - y**2 + 3 - 1 - y. Determine s(n).
11
Let q(c) = 0 + 4 + 3 - c. Suppose 18 = 3*b + 4*h, -1622*h - 12 = -2*b - 1624*h. What is q(b)?
1
Let v be -5*(39/(-13) - -2). Let r(g) = -g**3 + 3*g**2 + 3*g + 8. Determine r(v).
-27
Let r = 1112 - 1116. Let f(d) = -4*d**2 - 2*d - 2. Determine f(r).
-58
Let j(v) be the first derivative of -1/12*v**4 + 2/3*v**3 - 6*v + 3/2*v**2 + 7. Let m(a) be the first derivative of j(a). Calculate m(5).
-2
Suppose -6*k + 40*k - 238 = 0. Let z(r) = r**3 - 8*r**2 + 4*r - 2. What is z(k)?
-23
Let h(u) = u**2 - 1606*u - 1613*u - 1609*u - 14 + 4838*u. Give h(-12).
10
Let n(t) be the third derivative of -t**4/8 - 47*t**3/6 + 121*t**2. Determine n(-13).
-8
Let b(f) be the second derivative of f**4/12 + 13*f**3/6 + 7*f**2/2 - 22*f. Give b(-13).
7
Let u(f) = -6*f - 22*f + 5*f**2 - 1556 + 1577. Let s(d) = -d**2 + 7*d - 5. Let c(b) = 9*s(b) + 2*u(b). Calculate c(-8).
5
Let n(u) = 30717*u + 1 + 0*u**3 + u**3 + 5*u**2 - 30714*u. Give n(-4).
5
Let q = -47 + 68. Let n = q - 14. Let c(s) = -s + 3. Give c(n).
-4
Let z(b) = 7*b**3 + 5*b**2 + 6*b + 8. Let l(q) = -q**3 - 1. Let n(m) = 6*l(m) + z(m). Suppose 5*g - 244 = g. Let v = g - 65. Determine n(v).
-6
Let z be (-3)/18 + 207/(-54). Let f(u) = 2*u**2 + 5*u + 1. Determine f(z).
13
Let b(t) = 2*t - 31. Let x be b(12). Let r(w) be the third derivative of w**4/24 + 3*w**3/2 - 19*w**2. Calculate r(x).
2
Let z(t) = 4*t + 21. Let x = -323 + 317. Calculate z(x).
-3
Suppose -7*x - 4 = -116. Let a(b) = b**2 - 17*b + 9. Calculate a(x).
-7
Let u(f) = -f + 12. Let i = -600 - -610. Give u(i).
2
Let b(y) be the third derivative of y**6/120 - y**5/20 - 5*y**4/24 + y**3/3 - y**2 - 50*y. Calculate b(4).
-2
Let w(a) = -a**3 - 5*a**2 + 497*a - 495*a - 3*a**2. What is w(-8)?
-16
Let t(w) = w**2 - 9*w - 14. Let b be t(11). Let k(m) = -m**2 + 9*m + 9. What is k(b)?
17
Let w(c) = -c**3 + 5*c**2 + 6*c - 6. Let d(g) = g**2 - 4*g - 17. Let p be d(7). Suppose 0 = 5*j + 4*x - 26, p*j = -3*x + 5 + 16. Determine w(j).
-6
Suppose 2*f - 7 = 2*u + 3*f, 0 = -u + 4*f - 17. Let z be (3/3 - -2) + -1. Let d(m) = m**2 + 10*m + 2 - z*m + 2. Give d(u).
-11
Let v(a) = -18*a**2 - 1 + 36*a**2 - 24*a**2 - a**3 + 8*a. Let u be -4 - 6/(3 + -1). Determine v(u).
-8
Let o = -101 + 107. Let q(j) = -j**3 + 5*j**2 + 6*j + 4. What is q(o)?
4
Suppose j + 5 - 75 = 0. Suppose r - 6*r = -j. Suppose r - 8 = q. Let i(z) = z**2 - 4*z - 4. What is i(q)?
8
Let s(n) = n + 19. Let o be s(-16). Suppose -o*g = -8 - 10. Let p(z) be the third derivative of -z**4/24 - 7*z**3/6 - 8*z**2. Calculate p(g).
-13
Let r(k) be the second derivative of -15*k + 1/2*k**3 + 0 - 1/2*k**2 + 1/12*k**4. Determine r(-4).
3
Let c(f) be the third derivative of f**6/60 + f**5/15 + f**4/12 + 91*f**2. What is c(-2)?
-4
Let u be (-1 - (3 + -4))*1. Let x(s) = -2*s + 5. Calculate x(u).
5
Let p(x) = -x**3 + 8*x**2 - 6*x - 15. Let w be 45/(-6)*12/(-10) - 2. Determine p(w).
-8
Let r(f) = -6*f**3 + 2*f**2 + f. Suppose 3*j = 10*j + 7. What is r(j)?
7
Let j = 541 + -538. Let f(r) = 7*r - 1. Determine f(j).
20
Let m(r) = 2*r - 3. Let f be m(2). Let w(t) be the second derivative of -1/6*t**3 + 0 + 0*t**2 + 4*t + 1/3*t**4. What is w(f)?
3
Let q be 15/(-21) - 6/21. Let y be 0/(1/(-1)*q). Let m = y - -3. Let p(d) = -d**3 + 3*d**2 - 2*d - 2. Calculate p(m).
-8
Let h(d) be the third der